s digit of b?
1
Let m(d) = -10*d - 10. Let s be m(-18). Let f = 182 + s. What is the hundreds digit of f?
3
Let j = 190 - 110. Suppose 8*g - j = 16*g. What is the units digit of 1218/35 + (-2)/g?
5
Let k = 33469 + 7591. What is the hundreds digit of k?
0
Let z be 5/(-1*(-2 - -1)). Suppose 40 = z*d + 25. Suppose -145 = -x + d*u - 19, 0 = 2*u - 6. What is the units digit of x?
5
Suppose 2*c = m + 11865, 5*m = 27*c - 30*c + 17765. What is the units digit of c?
0
Let l(g) = 5*g**2 + 4*g + 28. Let q be l(16). Suppose -203 = -7*z + q. What is the tens digit of z?
2
Let n = 30721 - 21238. What is the tens digit of n?
8
Let y be (-12)/8*340/(-15). Let j = y + -25. What is the units digit of 1*(-422)/6*(-27)/j?
1
Suppose 26 = -3*v - 13. Let f = -8 - v. What is the tens digit of 214/f - (-8)/(-10)?
4
Let l(w) = 44 + 9 - 2*w - 5 + 43 + 0*w. Suppose j = -2*j. What is the units digit of l(j)?
1
Let x(c) = 9862*c**2 + 3*c + 10. What is the units digit of x(2)?
4
Let y(p) = p**3 - 31*p**2 + 16*p - 20. Let j(t) = -2*t**3 + 62*t**2 - 34*t + 42. Let x(l) = 3*j(l) + 5*y(l). What is the thousands digit of x(29)?
1
Let s(k) = -2*k + 4. Let r be s(-3). Let q(g) be the first derivative of g**4/4 - 8*g**3/3 - 3*g**2 - 25*g - 283. What is the tens digit of q(r)?
1
Suppose -35*i = -761498 - 255952. What is the units digit of i?
0
Suppose -13 = -5*g - z, 2*g - z - 3 + 2 = 0. What is the hundreds digit of 4762/26 - g/13?
1
Let t = -2650 - -5458. Suppose -5*h + t = h. Suppose 46*q = 42*q + h. What is the units digit of q?
7
Let i = -125 + 144. Suppose -21*x = -i*x - 336. What is the hundreds digit of x?
1
Suppose 3*o + s - 42116 = 0, -3*s = -4*o + 55201 + 945. What is the thousands digit of o?
4
Let v(c) = c**3 - 3*c**2 + 10*c + 24. Suppose 0 = 39*d - 41*d + 3*w + 11, -d + 2*w = -5. What is the hundreds digit of v(d)?
2
Let y = 970 + -586. What is the tens digit of y?
8
Let w(m) = 1281*m**3 + 5*m**2 - 18*m + 27. What is the tens digit of w(2)?
5
Let c be 0/((-16)/4) - 9. Let y be 5 + c/3 + 2. Suppose -5*m - 21 = -s - 0*s, y*s + 4*m = 180. What is the units digit of s?
1
Let y(v) = -3*v**2 - 7*v - 16. Let i(p) = 10*p**2 + 21*p + 49. Let m(b) = 2*i(b) + 7*y(b). Let a be m(-7). What is the tens digit of 276 + 4/a*-7?
7
Suppose 3720175 = 117*w + 2292708 - 3883046. What is the tens digit of w?
8
Let b(t) = 4*t - 26. Let a be b(9). Suppose i + 4*i = -a. What is the tens digit of (2/(-7))/(i/154)?
2
Let a be 36/6*2*-8. Suppose -132 = m + 31. Let n = a - m. What is the units digit of n?
7
Suppose 0 = s + 3*a + 56, -a = 5*s - s + 224. Let q be 6/(-8) + (-210)/s. Suppose 0 = -h - q*t - 0*t + 233, 2*h = -4*t + 468. What is the tens digit of h?
3
Suppose 0 = -4*j - k + 1185 + 156, -5*k = -4*j + 1335. Suppose 0 = 5*n + j - 1650. Suppose 0 = -3*l + 4*o + n, 1 + 9 = -2*o. What is the tens digit of l?
8
Let l be 694/5 + 6/30. Let m = l - -62. What is the tens digit of m?
0
Let g be (440/30)/(7/3 - 2). Suppose 10*v = 14*v - g. Suppose 16 = -v*t + 13*t. What is the units digit of t?
8
Let s be (3 - 4/4) + (-4685)/1. Let b = -3063 - s. Suppose -b = -15*w + 3*w. What is the hundreds digit of w?
1
Let z = -5407 + 14160. What is the hundreds digit of z?
7
Suppose 4*u = -4*r + 31508, 0 = -6*r + 12. What is the units digit of u?
5
Let m be 686 - (-6 + 5 - (-1 + -4)). Suppose -694 = -i - 3*u, -m = -2*i + i + u. What is the tens digit of i?
8
Let k(j) = 4*j - 19. Let l be k(6). Suppose -2*c - 1 = 5*r, l*c + 37 = -2*r + r. What is the tens digit of 3*c/(-12) - -95?
9
Let j(m) = 24*m + 129. Let z be 8 + (-286)/33 + (-104)/(-3). What is the hundreds digit of j(z)?
9
Let g(f) = -2*f + 35. Let p be g(8). Suppose -5*l + p = -1. Let j(u) = 3*u**2 - 6*u + 9. What is the tens digit of j(l)?
3
Suppose -4*n + n = -81. Suppose -7*u = -246 - n. What is the units digit of u?
9
Let u(n) = n**2 + 4*n - 30. Let s be u(-7). What is the tens digit of 1052 - ((-13 - s) + 0 + -1)?
5
Let f(i) = i**2 - 57*i - 671. What is the tens digit of f(-52)?
9
Suppose 0*t - 3*t = 5*m - 57042, -45635 = -4*m - t. What is the units digit of m?
9
Let g(i) = i**3 + 11*i**2 - 5*i + 5. Let u = -64 + 68. What is the units digit of g(u)?
5
Let i be (-4 - -3)*(-160 - 3). Let l(o) = 2*o + i*o**2 + 158*o**2 - 320*o**2 + 4. What is the units digit of l(-7)?
9
Suppose 802 = 4*b - 1486. Suppose -w = -236 - 172. Let r = b - w. What is the units digit of r?
4
Suppose 9*n - 11*n + 18368 = -5*y, 5*n + 4*y = 45821. What is the hundreds digit of n?
1
Let x(g) = 5*g**3 - 2*g**2 + 4*g + 5. Let r be x(-2). Let j = r - -584. What is the tens digit of j?
3
Let i be (48/(-84))/(2/7). Let n be ((-78)/130)/(i/1030). Suppose 4*v - 131 = n. What is the hundreds digit of v?
1
Let y(u) = -u**2 + 376*u + 2069. What is the units digit of y(154)?
7
Let l = 30 + -41. Let m(i) = 2*i**2 + 7*i + 6. Let s be m(l). What is the units digit of (-26)/169 - s/(-13)?
3
What is the hundreds digit of ((-7400)/(-6))/(14/231)?
3
Suppose -4*c - 62*x + 59*x = -48458, 12134 = c + 4*x. What is the ten thousands digit of c?
1
Let q(o) = 17*o + 6. Let c be ((-26)/6)/(8/120). Let f = -59 - c. What is the tens digit of q(f)?
0
What is the thousands digit of (90/(-5))/((17 - 7)/(-29090))?
2
Let z(j) = -547*j + 270. What is the tens digit of z(-10)?
4
Let b = 28 - 29. Let a be (3/3 - 373)*b. Suppose 0 = 3*t - a + 183. What is the units digit of t?
3
Suppose 2*z - 23392 = -3*w, 4*z + 182*w - 180*w - 46784 = 0. What is the ten thousands digit of z?
1
Let i(u) = -u**3 - 8*u**2 + u + 13. Let y be i(-8). Suppose 0 = -y*s - 20, -6*a - 4*s + 514 = -a. Suppose -o + 51 + a = 0. What is the tens digit of o?
5
Suppose 2*z - 5*r - 126149 = 61743, 187852 = 2*z + 5*r. What is the tens digit of z?
3
Let f(v) = 13*v**3 + 21*v**2 - 53*v - 113. What is the thousands digit of f(14)?
8
Let q be (408/(-20))/(2/(-200)*-6). Let g = 771 + q. What is the tens digit of g?
3
Suppose -6*t = 9*t + 3525. Let w = t + 366. Let r = w + -92. What is the tens digit of r?
3
Let q(n) = -72*n + 40. Let b be q(-3). Let l = b - 174. What is the tens digit of l?
8
Suppose -3*w + 11*p = 10*p - 16745, 0 = w - p - 5581. What is the hundreds digit of w?
5
Let t = -4383 + 2935. Let z = t - -2127. What is the hundreds digit of z?
6
Let t be -17 + (-17 - -7)/10. Let o = 129 - t. What is the hundreds digit of o?
1
Let x be (-28)/(-12) - -2 - (-2)/(-6). Let m be 10/(-1)*x/10 + 100. Suppose -34 = -2*b + m. What is the units digit of b?
5
Let u = 2730 - 2410. What is the tens digit of u?
2
Suppose 6*z - 13*z = -2184. Let w be (1 - 0)/(-2*(-2)/z). Suppose -5*c + 288 = w. What is the units digit of c?
2
Let p = 49301 + -12992. What is the thousands digit of p?
6
Suppose 3*y + 4*u = -23, -y - 4*y = -4*u + 17. What is the units digit of ((-2)/4)/(y/7320)?
2
Let k be ((100/12)/(-5))/((-5)/6). Suppose k*o - 4 = 4*o. What is the units digit of o/4 - (-762)/4?
0
Suppose -2*i + 19166 = 4*a - 0*a, -4*a - 47859 = -5*i. What is the thousands digit of i?
9
Let b(j) = 2*j - 12. Let z(o) = o - 3. Let w be z(9). Let s be ((-16)/6)/(-1)*w. What is the units digit of b(s)?
0
Suppose 724 = u - 0*d - 2*d, 5*u - 3560 = -2*d. Suppose 2*r + 98 - u = -4*h, -5*r = 4*h - 1564. What is the tens digit of r?
1
Let i be (0 - (-63)/(-6))*-2. Let c(q) = 16*q - 445. Let m be c(28). Suppose -m*h = -i - 123. What is the tens digit of h?
4
Let i(c) = -77*c**3 - 3*c - 3. Let h be i(-4). Suppose -7*m + 2742 = -h. What is the units digit of m?
7
Let q be -4 - ((4 - 7) + -21*1). Let m be (96/(-10))/(4/q). Let p = m + 69. What is the units digit of p?
1
Let b be 859/3 + 6/(-18). Suppose 12*j + j - b = 0. Suppose 0 = 4*q + j - 326. What is the units digit of q?
6
Let w(y) = -y**2 + 9*y + 15. Let m be w(8). Suppose -5*q + m*q = 8658. What is the units digit of q?
1
Let c = 10967 + -4452. What is the thousands digit of c?
6
Let k(r) be the first derivative of 2*r**3 - r + 1. Let m = -7377 + 7381. What is the tens digit of k(m)?
9
Let a = 44160 - 26435. What is the units digit of a?
5
Let i be (-74)/(-555) + 0 + 553/15. Suppose -6370 = 30*z - i*z. What is the tens digit of z?
1
Let h = 20 - -2955. What is the hundreds digit of h?
9
Let t(d) = 6*d - 58. Let q be t(9). What is the tens digit of (1252/6)/(q + 25/6)?
5
Let u be (-24)/9*18/(-12). Let z(i) = i**3 - 7*i + 12. What is the